 -3*k + 5*c = c - 40, 4*c + 4 = a. Calculate the highest common factor of k and 6.
6
Let o = -53 + 58. Suppose 3*n - 11 = -3*j - n, 0 = j - o*n - 10. Let u be (224/(-20))/(-4)*j. What is the greatest common factor of u and 98?
14
Let i(b) = -2*b**2 + 375*b + 1694. Let u be i(191). What is the highest common factor of u and 420?
21
Suppose -70*a - 237 = -4*n - 73*a, -3*n + 180 = 2*a. What is the greatest common factor of n and 6094?
22
Let a = 41 + -42. Let w be (a - 1)/(11/(-374)). Let l = -23 + w. What is the highest common factor of l and 5?
5
Let x(n) = -n**2 - 27*n + 12. Suppose 14*h - 142 = -506. Let d be x(h). What is the greatest common factor of d and 304?
38
Let m(a) = a + 2. Suppose -9*q - q = -10. Let f be m(q). Suppose s - 8 = 4*z - f*s, -z = -4*s + 17. What is the highest common factor of 24 and z?
3
Suppose 4*n + 5*z - 85 = 0, -2*n = -7*n - 3*z + 116. Suppose -n*k = -1017 + 317. What is the highest common divisor of k and 252?
28
Let d be -3 - 1/((-1)/39). Let i(s) = 5*s**2 - 136*s - 1614. Let g be i(-9). Calculate the highest common divisor of g and d.
3
Suppose 0 = d + 3*c - 5, 4*c = 4*d + 5*c + 13. Let t be -2 + 0 - d - -97. Calculate the highest common factor of 18 and t.
9
Let k(r) = r**3 - 15*r**2 + 56*r + 12. Let l be k(8). Let i be 130 - (-4 - (-3 - -1)). Calculate the greatest common divisor of i and l.
12
Let d be (-8)/(-92) + (-7352)/(-92). Let g = -79 + 84. What is the highest common factor of g and d?
5
Let s = -29 - -111. Let w = s - 79. Suppose -8*n + 131 = -181. Calculate the greatest common factor of w and n.
3
Suppose -5*f + 0*f + 5 = 0. Let q be ((-12)/f - -77) + -1 + -4. What is the highest common divisor of q and 12?
12
Let j(v) = -4*v**3 - 3*v**2 - 6*v - 10. Let y be j(-2). Let g = y - -20. Suppose 0 = 2*i - 0*i - 756. Calculate the highest common factor of g and i.
42
Suppose 0 = -15*b + 44 + 16. Let i be 126 - 1 - (b - -1). What is the highest common factor of i and 45?
15
Let o be 58/3 + 42/63. Let d be o/(-60) + (-146)/(-6). What is the greatest common divisor of d and 204?
12
Let x be ((-84)/(-8))/(6/14 + 41130/(-97440)). Calculate the greatest common factor of 21 and x.
7
Let d = 1341 - 911. Let v(t) = -t**3 + 19*t**2 - 16*t - 26. Let g be v(18). What is the highest common divisor of d and g?
10
Let x be -2 - -18*(26/9)/((-16)/(-24)). Suppose -d - 4 = -4*p, d - p + 18 = 5*d. Calculate the greatest common factor of d and x.
4
Let z be (-4 + (-3 - 24/(-4)))*-15. Suppose -z = 16*a - 19*a. Suppose -9*p + 56 = -a*p. Calculate the greatest common factor of p and 14.
14
Suppose -154127 - 124968 = -14*i + 31733. Calculate the highest common factor of 68 and i.
34
Let k = -514 - -904. Calculate the highest common divisor of k and 8385.
195
Suppose 281*n - 168*n = 18080. What is the greatest common factor of 380 and n?
20
Let c(j) = j**3 - 16*j**2 - 9*j + 143. Let i be c(16). Let g be (18 + -18 - (i + -13))*2. What is the highest common divisor of 91 and g?
7
Let w be ((-69)/46*2910)/(0 - 1). What is the greatest common factor of 45 and w?
45
Suppose 15 = -3*r, -138*a - r = -139*a + 82. What is the greatest common divisor of 203 and a?
7
Suppose 1572 = -2*h + 3*u, u + 20 = -4*u. Let q be (-4)/(-14) - h/168. Suppose -q*c = 2*c - 1575. Calculate the highest common factor of 25 and c.
25
Let q be 31/(4960/8580) + (-6)/(-16) - 9. Let b(a) = a**3 - 6*a**2 - 7*a + 3. Let r be b(8). What is the greatest common factor of q and r?
15
Suppose 8*t + 44 = -36. Let n = 2 - t. What is the highest common divisor of n and 8?
4
Let s = 62 - 103. Let h = -35 - s. Let m be ((-60)/70)/(2/(-84)). What is the highest common factor of h and m?
6
Let x be (232 - 228)*142/4. What is the greatest common factor of x and 1349?
71
Let x(k) = 6*k - 2 - k**2 - 2*k**3 - 4*k**2 + 3 + k**3. Let m be x(-6). Let r be 12 - (11 + -13 + 8). Calculate the greatest common factor of r and m.
1
Let s(c) = -4*c**2 + 19*c - 3. Let j be s(7). Let q = -68 - j. Let d be q/(-7)*(9 + 5). Calculate the greatest common divisor of 16 and d.
4
Let y(f) = -28*f - 2114. Let c be y(-77). What is the greatest common factor of 3598 and c?
14
Suppose 0 = 76*i - 14 - 290. Let n be (-10)/(-1) + (-8 - -8). Calculate the greatest common factor of n and i.
2
Let q(o) = o**2 + 8*o + 3. Let z be q(-9). Suppose z*t - 92 - 100 = 0. Calculate the highest common factor of t and 4.
4
Suppose -i + 3*t - 482 = 0, 4*i - 4*t = -2215 + 271. Let z = i + 532. What is the greatest common divisor of 16 and z?
4
Suppose -7*x + 26*x = 627. Let y be ((-1782)/(-15))/((-20)/(-50)). What is the greatest common divisor of y and x?
33
Suppose 0 = -5*j - 5*a - 5, 22*j + a = 27*j - 1. Suppose 5*r - 2*n = 1479, -n = 4*r - j*r - 1178. Calculate the highest common divisor of r and 5.
5
Suppose -459*c + 171*c + 2016 = 0. Calculate the greatest common factor of 17 and c.
1
Suppose -k + 13 = -3*b - b, -3*k + 3*b = -21. Let w be k/(12/40*(-14)/(-273)). What is the greatest common factor of 50 and w?
25
Suppose g - 13091 = -3*o - 73, -5*o - 4*g = -21706. What is the greatest common factor of 18 and o?
18
Let y(l) = l**3 - l**2 - 6*l + 2. Let s be y(6). Let g = -137 + s. Suppose 3*o + 5*u - 2 = o, -4*u = 8. Calculate the greatest common divisor of g and o.
3
Let l(w) = 38*w - 20. Let s be l(1). Suppose s = -3*b + 135. Calculate the greatest common factor of 65 and b.
13
Let k be ((-2875)/690 - (-7)/2)/((-4)/294). Suppose -5*i + 225 + 1000 = 0. Calculate the greatest common factor of k and i.
49
Let p be (-281854)/(-10) - ((-1728)/(-45) - 38). Calculate the greatest common factor of 15 and p.
15
Let i = 829 + -819. Let a(g) = -g + 14. Let s be a(4). What is the greatest common divisor of s and i?
10
Suppose j - 25 = -5*c + 373, 316 = 4*c + 2*j. Let a be 694/14 - (-12)/28. What is the greatest common divisor of a and c?
10
Suppose 137253 = -78*q + 242803 + 355196. What is the greatest common factor of 33 and q?
33
Suppose 0 = -5*j - 2*w + 715 - 41, w = 5*j - 683. Calculate the highest common factor of j and 1768.
136
Suppose 0 = 2*n + 4*k + 12, 2*n + 0*k + 9 = -3*k. Suppose -z = -4*x - 53, n = 7*z - 2*z + 5*x - 340. What is the highest common factor of z and 65?
65
Let o(l) = 2*l**3 - 4*l**2 - 15*l + 129. Let x be o(6). Calculate the greatest common divisor of x and 2725.
109
Let x = 1667 - 1352. What is the highest common factor of x and 84?
21
Suppose 69 - 517 = -7*p. Suppose 0 = -4*s - 8*d + 13*d + 42, -2*d = -3*s + 28. Calculate the highest common factor of p and s.
8
Let t(w) = -w + 4. Let q be t(16). Let b be (q/8)/((-2)/4). Suppose -2*d + 4*k + 58 = 0, 5*d + 3*k - 93 = -0*k. Calculate the highest common factor of b and d.
3
Let l be (-1 - 541)*6/(-12) + 2. Let y = -159 + l. Calculate the highest common divisor of y and 76.
38
Let s be (3 - -3)/(14/312*(-47)/(-658)). What is the greatest common divisor of s and 182?
26
Suppose -5*o = -x + 3002, 134*o - 2994 = -x + 135*o. What is the highest common factor of 11 and x?
11
Let s(p) = -p**2 - 19*p - 53. Let m be s(-9). Suppose -48 = -5*w + m. What is the highest common factor of w and 34?
17
Let t(y) = y**3 + 24*y**2 + 45*y - 75. Let q be t(-19). Calculate the greatest common factor of 210 and q.
35
Suppose -v = 87*v - 27021 + 9597. Calculate the greatest common divisor of 33462 and v.
198
Let j be (9 - 15 - -330)/(3/14). What is the greatest common divisor of j and 70?
14
Let p(f) = 51*f + 296. Let m be p(4). What is the highest common factor of 4 and m?
4
Let a(x) = -14*x + 92. Suppose 6 = 86*o - 85*o. Let r be a(o). Calculate the highest common factor of 632 and r.
8
Suppose -172 - 992 - 123 = -11*u. What is the greatest common factor of u and 832?
13
Let a = 570 - -661. Suppose 5*q + 2*n - a = 425, q - 5*n - 315 = 0. Calculate the greatest common divisor of q and 60.
30
Suppose -5*v - 232 = -2*s, -438 = -0*s - 4*s - 3*v. Suppose -h + s = 3*n, 5*h - 3*h + 3*n = 216. What is the greatest common factor of 175 and h?
35
Suppose -153 + 3 = -d - 4*a, -3*d + 2*a = -366. What is the highest common divisor of 413 and d?
7
Let c be -350*-11*40/770. Calculate the highest common divisor of 25100 and c.
100
Suppose 33*l = 85*l - 27*l - 4025. Calculate the greatest common divisor of 8050 and l.
161
Let h be (-1 - -2 - -1155)*18/24. What is the greatest common divis